{"id":11,"date":"2019-05-28T20:45:55","date_gmt":"2019-05-28T20:45:55","guid":{"rendered":"http:\/\/www.zechelink.de\/?page_id=11"},"modified":"2021-07-26T21:47:24","modified_gmt":"2021-07-26T21:47:24","slug":"impressum","status":"publish","type":"page","link":"https:\/\/www.zechelink.de\/?page_id=11","title":{"rendered":"Impressum"},"content":{"rendered":"\n<p>Franziska G\u00f6tze und Matti Mehner<br>Zechenstra\u00dfe 61<br>09337 Hohenstein-Ernstthal<\/p>\n\n\n\n<p>eMail: matti (pkt) mehner (\u00e4t) zechenlink (pkt) de<br>Tel: 0049 162 6078310<\/p>\n\n\n\n<p><\/p>\n\n\n\n<p><\/p>\n\n\n\n<p><\/p>\n","protected":false},"excerpt":{"rendered":"<p>Franziska G\u00f6tze und Matti MehnerZechenstra\u00dfe 6109337 Hohenstein-Ernstthal eMail: matti (pkt) mehner (\u00e4t) zechenlink (pkt) deTel: 0049 162 6078310<\/p>\n","protected":false},"author":1,"featured_media":0,"parent":0,"menu_order":0,"comment_status":"closed","ping_status":"closed","template":"","meta":{"footnotes":""},"class_list":["post-11","page","type-page","status-publish","hentry"],"_links":{"self":[{"href":"https:\/\/www.zechelink.de\/index.php?rest_route=\/wp\/v2\/pages\/11","targetHints":{"allow":["GET"]}}],"collection":[{"href":"https:\/\/www.zechelink.de\/index.php?rest_route=\/wp\/v2\/pages"}],"about":[{"href":"https:\/\/www.zechelink.de\/index.php?rest_route=\/wp\/v2\/types\/page"}],"author":[{"embeddable":true,"href":"https:\/\/www.zechelink.de\/index.php?rest_route=\/wp\/v2\/users\/1"}],"replies":[{"embeddable":true,"href":"https:\/\/www.zechelink.de\/index.php?rest_route=%2Fwp%2Fv2%2Fcomments&post=11"}],"version-history":[{"count":8,"href":"https:\/\/www.zechelink.de\/index.php?rest_route=\/wp\/v2\/pages\/11\/revisions"}],"predecessor-version":[{"id":73,"href":"https:\/\/www.zechelink.de\/index.php?rest_route=\/wp\/v2\/pages\/11\/revisions\/73"}],"wp:attachment":[{"href":"https:\/\/www.zechelink.de\/index.php?rest_route=%2Fwp%2Fv2%2Fmedia&parent=11"}],"curies":[{"name":"wp","href":"https:\/\/api.w.org\/{rel}","templated":true}]}}